e prime factors of o(0).
3, 11
List the prime factors of 2*2 + 338 + 38.
2, 5, 19
Suppose -2*k - 2*q + 334 = -0*q, k - 4*q = 157. Suppose -54 = 3*v - k. List the prime factors of v.
37
Let g = -4565 + 7255. List the prime factors of g.
2, 5, 269
Let w(s) = -s**3 + 3*s**2 + s - 1. Let y be w(3). List the prime factors of (-3 + y)*(-1 - 36).
37
Let l be 7 - (3*(4 - 3) - 1). Suppose 214 - 57 = r + 2*a, -l*a - 25 = 0. List the prime factors of r.
167
Suppose 0 = b + 4*s - 6, 2*s + 2*s = 4. Suppose -2*r + 6 = 2*i, -b*r - 15 = -3*r + 3*i. Suppose -r = 4*g - g + 4*z, 3*z + 3 = -3*g. List the prime factors of g.
2
Let j(t) = t**3 + 30*t**2 + 26. What are the prime factors of j(-30)?
2, 13
List the prime factors of ((-3)/(-6))/((-7)/(-4858)).
347
Suppose -5*y = 5*r - 1020, 0*r = -4*r + 2*y + 840. List the prime factors of r.
2, 13
Let d be 10/25 + (-4076)/(-10). Suppose -29*s - d = -32*s. List the prime factors of s.
2, 17
Let p = 102 - -454. What are the prime factors of p?
2, 139
Suppose 20*v = 16*v + 984. List the prime factors of 2/4 - v/(-4).
2, 31
Suppose 862*f + 656 = 863*f. What are the prime factors of f?
2, 41
Suppose 2*o - 1 = -5. List the prime factors of 98/12 - o/(-12).
2
Let v be 24/(-9)*-6 - 4. Let b be -10 - (1 - 1/1). Let h = v - b. List the prime factors of h.
2, 11
Suppose -6*l + 2*l - 264 = 0. Suppose -4*v = 63 - 431. Let j = v + l. List the prime factors of j.
2, 13
Let j(h) = h. Let c be 3/(5 - 2)*1. Let i(l) = 5*l + 2. Let n(a) = c*i(a) - 6*j(a). List the prime factors of n(-9).
11
Suppose 3*d + 29 + 217 = 0. Suppose 5*k - 30 = 685. Let g = k + d. What are the prime factors of g?
61
Let k be (2 - 1 - 4)/(-3). What are the prime factors of 3 + 55/1 + k?
59
Suppose 5166 = 436*j - 430*j. What are the prime factors of j?
3, 7, 41
Let a(l) = -3*l - 3. Let p be a(-2). List the prime factors of ((-210)/(-40))/(p/8).
2, 7
Let m(y) = 0*y + 2*y**2 + 0*y**2 - 14*y - 7. What are the prime factors of m(10)?
53
What are the prime factors of (3256/(-6))/((-2)/6) + 0?
2, 11, 37
Let r(d) = -2*d**3 - 6*d**2 - 5*d + 3. Suppose 5*c - c = -16. What are the prime factors of r(c)?
5, 11
Suppose -28*w + 9*w = -7752. What are the prime factors of w?
2, 3, 17
Let x be (2/6)/(7/21). What are the prime factors of (0 + 1)/(x/166)?
2, 83
Let o = -50 - -70. Let r be 4/12 + o/3. Let s(d) = -d**3 + 8*d**2 + 3*d + 2. What are the prime factors of s(r)?
2, 3
Let m = -72 + 276. List the prime factors of m.
2, 3, 17
Let n = -26 - -38. Suppose -o - n = -4*o. Suppose 155 = o*p + p. What are the prime factors of p?
31
Suppose -4*d - 3*i - 58 = -386, d - 82 = i. List the prime factors of d.
2, 41
Suppose -f - 4 = -5*j, 4*j - 9*j - 12 = 3*f. Suppose 0*a + 33 = 2*a + 5*h, -4*h + 20 = j. List the prime factors of a.
2
Let p(j) = -j**2 - 7*j - 7. Let f be p(-2). What are the prime factors of (-3)/((-3)/(-47))*(-5 + f)?
2, 47
Let n(h) = 4*h**3 - h**2 + 2*h - 1. Let b be n(1). Suppose 4 + 16 = -b*x, 0 = -c - 4*x. Let s = -17 + c. List the prime factors of s.
3
Suppose -5*w + v = 1862, 3*w = 4*v - 1276 + 169. Let x = -184 - w. List the prime factors of x.
3, 7
Let n = 1863 - -1317. List the prime factors of n.
2, 3, 5, 53
Let r be ((-133)/(-14))/(1/(-2)). Let f = r + 43. List the prime factors of f.
2, 3
List the prime factors of 34/(-51) - 1646/(-3).
2, 137
Let p be (-48)/(-5) + (-22)/(-55). Let g = 130 - p. List the prime factors of (1/2)/(10/g).
2, 3
Let s(a) = 46*a**3 - 29*a**2 + 78*a - 9. What are the prime factors of s(3)?
2, 3, 67
Let h = -4 - 2. Let y(g) = g**3 + 7*g**2 - 2*g + 2. Let a be y(h). Suppose -2*u = -u - a. What are the prime factors of u?
2, 5
Let x(w) = -3 - 4 + 2*w - 4*w - 2. Let d be x(-6). Suppose 0 = 2*f + f + d*a - 21, 4*a = -5*f + 30. What are the prime factors of f?
2
Let p be 3/(-3 - (-12)/5). List the prime factors of (p/1 - 0)/(8/(-72)).
3, 5
Suppose -7*u + 13 = -8. Let n = -1 + 1. Let x = u + n. List the prime factors of x.
3
List the prime factors of (-2)/(-8) - -1*(-3006)/(-8).
2, 47
Let s be 1/3 + (-178)/3. Let z be (-1 + 0)/((-2)/(-70)). Let o = z - s. What are the prime factors of o?
2, 3
Let z(o) = 20*o**2 + 2*o - 8. Let g(v) = -6*v - 16. Let h be g(-3). List the prime factors of z(h).
2, 19
Let j(b) = -6*b - 6. Let a be j(-4). Suppose 3*l + 3 = a. What are the prime factors of l?
5
Let p(l) = 8*l + 12. Suppose -5*z + 4*r + 41 = 0, -3*r = -5*z - 4*r + 21. List the prime factors of p(z).
2, 13
Suppose -5*c - 20 - 5 = 0. Suppose 0 = -5*g + 3*t + 37 + 92, -75 = -3*g + 3*t. List the prime factors of g - (6 - (-2 - c)).
2, 3
Let g(z) = -196*z - 756. List the prime factors of g(-16).
2, 5, 7, 17
Let h = -1 + 1. Let y be (3/(-9))/((-10 + 3)/(-63)). List the prime factors of y + (1 - (-50 + h)).
2, 3
Suppose -4*l + 2*l = 5*j + 81, -3*j - 127 = 4*l. Let i = l - -58. Suppose 4*h - 6*h = -i. What are the prime factors of h?
3, 5
Let x(z) = -z**2 + 10*z + 3. Let f be x(10). Suppose -f*g = -8*g + 15. Suppose 2*h - 67 = -5*t, -3*t + g*h + 42 = -t. List the prime factors of t.
3, 5
Suppose 3*l + 2536 = 15031. List the prime factors of l.
5, 7, 17
Suppose 14*a = 55*a - 113283. List the prime factors of a.
3, 307
List the prime factors of (8/6)/((14/(-417))/(-7)).
2, 139
List the prime factors of (-639)/12*2*(-80)/24.
5, 71
Let y be ((-27)/(-6))/(2/(-4)). Let w = y - -31. Let h = w - 9. What are the prime factors of h?
13
Suppose -7*j = -5*j - 24. What are the prime factors of (-78)/1*(-26)/j?
13
List the prime factors of (6 + 41)*(-3 - -20).
17, 47
Let t be -4 - (-1)/((-4)/(-364)). Suppose 2*n + 2*l = t - 17, -95 = -3*n + 2*l. Suppose n = -11*a + 14*a. What are the prime factors of a?
11
Let g = 723 - 120. List the prime factors of g.
3, 67
Let o(v) = v**3 + 5*v**2 + 4*v + 1. Let n be o(-4). Let c be (5 + -5)*(-1)/n. Suppose c = h - 6 - 23. What are the prime factors of h?
29
Suppose 1424 = 3*v + 344. What are the prime factors of v?
2, 3, 5
Let g(b) = 281*b - 101. What are the prime factors of g(6)?
5, 317
Suppose 2*l = -s + 7*l - 22, -2*s - 28 = -2*l. Let n be s/6 + -1 + 26. Let i = n + -16. List the prime factors of i.
7
Suppose -11517 = -4*a - 5*h, 40*a - 3*h = 42*a - 5759. List the prime factors of a.
2, 1439
Let x(t) = 8*t**2 - 4*t - 4. Suppose l + 2*i + 12 = 3*l, -l - i = 0. Let h be ((-5)/(-1) - l)*-1. List the prime factors of x(h).
2, 3
Let r(m) = m + 10. Let z be r(-8). What are the prime factors of (-3 - z)*132/(-10)?
2, 3, 11
Let a(y) = -433*y - 165. List the prime factors of a(-9).
2, 3, 311
Let v = -18 + 30. What are the prime factors of (v/16)/3*164?
41
Let o(l) = -l**2 - 4*l + 3. Let i be o(-4). Let j be 4 - i - (-5 + 1). Suppose c + j - 14 = 0. What are the prime factors of c?
3
List the prime factors of (-22)/33 - (-1 + (-1870)/6).
2, 3, 13
Let d(j) be the first derivative of 2*j**3/3 + 5*j**2/2 - 7*j - 9. List the prime factors of d(3).
2, 13
Let u = 279 + 901. What are the prime factors of u?
2, 5, 59
Let c be (36/(-10))/(10/(-75)). Suppose -29*y - 14 = -c*y. Let j = y + 45. What are the prime factors of j?
2, 19
Suppose -609 - 311 = -5*d. Suppose 0*i - 5*x + 88 = i, 3*i - x = d. List the prime factors of i.
3, 7
Suppose -25 = -3*x - 3*j - 4, -4*j = x + 2. Let a(g) = 18*g - 4. Let l be a(3). List the prime factors of (12/x)/(2/l).
2, 3, 5
Suppose -x - 5*r = 9, -3*x - 9 - 18 = -r. Let o(q) = -7*q - 31. List the prime factors of o(x).
2
Let b be 1 + (-1378)/(-12) - 3/(-18). Suppose q = w + b, -q + 0 = w - 110. List the prime factors of q.
113
Suppose 0*p = p - 4. Suppose 2*l = -2*f + 10, 0*f - f + 5 = 2*l. Let r = f + p. List the prime factors of r.
3
Let z(l) = l**2 + 16. Let s be z(0). Let f = 18 - s. Suppose f*i = 32 + 28. List the prime factors of i.
2, 3, 5
Let b(g) = 13*g + 1. Suppose 0 = -j - 2*j + 6. Let r be b(j). Suppose 4*i + 4*w = i + 38, w = -2*i + r. What are the prime factors of i?
2, 7
Let o(z) = 5*z - 6. Let s be o(4). Let c = s + -21. Let j(h) = h**2 + 5*h - 4. What are the prime factors of j(c)?
2, 5
Suppose -16198 + 49518 = 68*v. List the prime factors of v.
2, 5, 7
Let i(r) = -r**3 + 9*r**2 + 13*r - 15. Let b be i(10). Suppose 2*k - b = -3*k. Suppose -45 = -2*n - k*n. List the prime factors of n.
3
Let j be 134 + (-6 - (-4 + 2)). Suppose -3*l - 3*b = -132, -4*l + l + j = b. What are the prime factors of l?
43
